 prime factors of m(-1)?
43
Let w be 8/8*(0 - -1). Let q = w + 1. Suppose q = -2*u, 5*u + 35 = -3*h + 6*h. What are the prime factors of h?
2, 5
Let j = 93 + -5. What are the prime factors of j?
2, 11
Suppose 14*z - 1465 = 9*z. What are the prime factors of z?
293
What are the prime factors of 30/4*(-16)/(-20)*12?
2, 3
Suppose 0 = -0*g - g + 77. Suppose 5*a = -2*l + 5*l + 319, -a + g = -5*l. Suppose -5*o - 2*k + a = 0, 4*k - 43 = -4*o - 3. List the prime factors of o.
2, 7
Suppose -5*i = 344 - 74. Let h = i + 89. What are the prime factors of h?
5, 7
Let h be 8/28 - 18/14. What are the prime factors of (8 - 21)*(h + 0)?
13
Suppose -7*q + 3 = -3*q + 3*b, -q + 15 = -4*b. Suppose -q = -4*d + d. Suppose -15 + d = -v. List the prime factors of v.
2, 7
Suppose 0 = -36*g + 35*g + 21. What are the prime factors of g?
3, 7
Let v(i) = i + 0 - 2 + 1. List the prime factors of v(9).
2
Suppose c = 1, 2*c - 2 + 0 = 5*q. Let j(t) = -t**2 + t + 32. Let i be j(q). What are the prime factors of ((-2)/4)/((-2)/i)?
2
Suppose g - 2 = 0, 5*g + 35 = -3*u + 6*u. Suppose 5*b - 155 + u = 0. Let r = -7 + b. What are the prime factors of r?
3, 7
Let y(b) = 3*b**3 + 0 - b**2 - 4*b**3 - 4. What are the prime factors of y(-3)?
2, 7
Let x(b) = 40*b - 15. List the prime factors of x(3).
3, 5, 7
Suppose 3*c - 4*c + 3*u - 1 = 0, 5*u + 3 = -3*c. Suppose -k = -3*n - 10, 0 = -2*n + 4*n + 4. Let v = k - c. What are the prime factors of v?
5
Suppose -5*f + 20 = -f. Suppose f = -m + 2*m. What are the prime factors of m?
5
Let v(g) = g - 1. Let b be v(3). Suppose -d - 5 = 0, -4*d + b*d + 14 = 2*i. What are the prime factors of i?
2, 3
Let a be 12/(-5) + 20/50. Suppose 4*f - 18 = 14. Let k = a + f. List the prime factors of k.
2, 3
Let m = 5 - 2. Suppose 0 = -m*d - 5*f - 9, 2*d + 3*f + 4 = -2. List the prime factors of 15/(-2)*2/d.
5
Let q(s) = -2*s**3 - 2*s**2 - 3. Let t be q(3). Let d be 8/(-10)*t/10. Let j(z) = 4*z - 8. What are the prime factors of j(d)?
2
Suppose 0 = 4*k - 4*r - 8, -2*k = r - 5 - 2. Suppose -3*a - 8 = -4*s + 5*s, 2 = 2*s - k*a. Let t = s - -4. List the prime factors of t.
2
Let m be (12/3 - 1)/1. Suppose 4*f - m*f - 12 = 0. Suppose -4*s + 12 = -f. List the prime factors of s.
2, 3
Suppose 0*c + 4 = -c. Let a = c - -17. What are the prime factors of a?
13
Let u(m) = -m**2 + m**2 - 3*m**3 - m - m**2. What are the prime factors of u(-2)?
2, 11
Suppose 3 = 5*j - 2*j. What are the prime factors of ((-7)/(-14))/(j/8)?
2
What are the prime factors of -4 - 1*138/(-2)?
5, 13
Suppose -5*t - t = -168. What are the prime factors of t?
2, 7
Suppose 6 = -2*h, 0 = 2*s + 4*h - 0 + 20. Let c = 10 + s. List the prime factors of c.
2, 3
Suppose 0 = 5*n + f - 95, -2*f - 76 = -4*n - 5*f. What are the prime factors of n?
19
Suppose 0*v = v - 66. What are the prime factors of v?
2, 3, 11
Let a(o) be the first derivative of -o**3/3 - 4*o**2 - 5*o + 2. Let l be a(-7). Suppose 0 = 4*m + l*r - 3*r - 7, -m + r - 2 = 0. List the prime factors of m.
3
Suppose 0 = 2*l - 6 - 32. Suppose 0 = 11*v + 16 - 5. What are the prime factors of v + l - (1 + 0)?
17
What are the prime factors of 6/(-14) + 975/21?
2, 23
List the prime factors of ((-4)/(-6))/(3/45).
2, 5
Let i be 1/(-2 - (-77)/39). List the prime factors of (1/3)/((-1)/i).
13
Suppose 0 = -2*g + 21 - 3. List the prime factors of g.
3
Let t = 135 + -93. List the prime factors of t.
2, 3, 7
Let s be (-10)/50 - (-2)/10. Suppose -6 = -2*j - s*j. List the prime factors of j.
3
Let r(d) = d**2 + 4 - 5 - d**3 - 2*d**2. Let c be r(-3). Suppose -5*x + c - 3 = 3*u, 0 = -x - 2*u. What are the prime factors of x?
2
Let s(b) = b**2 + b + 4. List the prime factors of s(5).
2, 17
Let i(c) = 69*c**2 - 1. List the prime factors of i(-1).
2, 17
Let i(l) = -l**3 - 9*l**2 - 7*l + 11. Let j be i(-8). Suppose 11 = j*m + y, 4*m - 3*y + 5 = -m. List the prime factors of m.
2
Suppose 0 = 2*t - 115 - 9. What are the prime factors of t?
2, 31
Let r be -1*(2 + (-3 - 0)). List the prime factors of r/(-3 - (-147)/48).
2
Let t = 254 - -15. List the prime factors of t.
269
Let v = -10 - -40. What are the prime factors of v?
2, 3, 5
List the prime factors of (-84)/(-8)*60/7.
2, 3, 5
Let m(t) = 10*t**2 + t. List the prime factors of m(1).
11
Let k(o) = 4*o - 6. Let f be (4/2)/(7/(-91)). Let x be (-8)/(-28) + f/(-7). List the prime factors of k(x).
2, 5
Let k = 161 + -95. List the prime factors of k.
2, 3, 11
Let g(s) = -4*s**2 + 2*s + 30. List the prime factors of g(0).
2, 3, 5
Suppose -3*k + 7*i - 2*i + 190 = 0, 3*i + 338 = 5*k. Suppose 0 = -4*o + j - k, -5*o + 2*o - 2*j - 58 = 0. Let u = o + 31. What are the prime factors of u?
13
Let r(h) = 2*h**2 + 2*h + 4. List the prime factors of r(-5).
2, 11
Let t(k) = -k**2 + 4*k + 2. Let q = -17 - -11. Let c(o) = o**3 + 7*o**2 + 6*o + 4. Let w be c(q). What are the prime factors of t(w)?
2
Let f(z) = 2*z**2 + 1. Suppose -4*j - 2*m = -2, -3*j + 2*m = m + 11. Let k be f(j). List the prime factors of 0 + k + (4 - 2).
11
Let i(y) = y**2 - 2*y - 2. Let w be i(3). Suppose 26 = -u + 5*h, -3*h + w + 18 = -4*u. What are the prime factors of (-1)/1 + (u - -18)?
2
Let i = 56 - 23. Let t = 54 - i. What are the prime factors of t?
3, 7
Let m(t) = -t. Let x(y) = 7*y. Let h(l) = 6*m(l) + x(l). Let g(z) = -3*z + 2. Let v(w) = -g(w) - 6*h(w). What are the prime factors of v(-6)?
2
Suppose 159 - 35 = 4*l. Let d = -8 + l. What are the prime factors of d?
23
Let x = 14 + -27. Let a be 6/48*-2 - 13/(-4). Let s = a - x. What are the prime factors of s?
2
Let t be 3*-3*(-4)/(-18). List the prime factors of 7/t*16/(-28).
2
Let y(u) = 12*u - 7. Suppose 3*v - 4 = 2. List the prime factors of y(v).
17
Suppose -3*m - 3*z + 18 = 0, 5*z + 0*z - 24 = -3*m. Let l be 14/2 + (m - 5). Suppose -41 - 9 = -l*b. List the prime factors of b.
2, 5
Let f(a) = 10*a**2 - 4*a + 3. List the prime factors of f(2).
5, 7
Suppose -3*z - 264 = -5*y, -3*y = -8*y - 4*z + 243. What are the prime factors of y?
3, 17
Let l = -2 - -26. List the prime factors of l.
2, 3
Let g = -80 + 108. List the prime factors of g.
2, 7
Let r = 0 + 1. Let s be 3/((-34)/(-28) - r). Suppose -6*d = -4*d - s. What are the prime factors of d?
7
Suppose 4*b - 3*y = -128, -5*b + b - 96 = 5*y. Let q = -20 - b. List the prime factors of q.
3
Let k(p) = 2*p - 4. Let o be k(2). Suppose -25 = -o*w - 5*w. What are the prime factors of w?
5
Suppose n + 4 = 2*s, -2*n - 3*s + 6 = -0. Suppose -f + n*f + 71 = 0. Suppose -4*c - 27 = -f. List the prime factors of c.
11
Let z = 3 - -2. Suppose r - z = 34. What are the prime factors of r?
3, 13
Let s(j) = -11*j - 1. Let u = -10 + 7. List the prime factors of s(u).
2
Suppose 0 = -2*n - 4*u + u - 89, 2*n = u - 69. Let j = n + 54. List the prime factors of j.
17
Suppose 0 = 3*p - 8*p + 120. Suppose -p = -7*h + 4*h. Suppose 5*a - a = h. What are the prime factors of a?
2
Suppose 2*k = -5*i + 310, -8*i = -3*i. List the prime factors of k.
5, 31
Let s be (1/1)/(1/5). Let w = 12 - s. What are the prime factors of w?
7
Let n be 4/(8/1)*-26. Let t(b) = -4*b - 1. List the prime factors of t(n).
3, 17
Let y(l) = 2*l**2 - l + 12. What are the prime factors of y(7)?
103
Let q(r) = 2*r**3 + r**2 - 2*r + 1. Let u be q(1). Suppose -u*c + 4*k = 0, 4*c - c = 4*k - 6. Let b(m) = m**2 + 5*m + 2. What are the prime factors of b(c)?
2
What are the prime factors of 151 - (1 + 1 - 6/3)?
151
List the prime factors of 21/28*464/2.
2, 3, 29
Let s = -11 + 7. Suppose -3*u - u + 4 = 0. What are the prime factors of s/(1/(u*-2))?
2
Let n be (4/(-12))/(3/(-135)). Let k = -11 + n. Suppose -k*g + 82 = -14. What are the prime factors of g?
2, 3
List the prime factors of (13/26)/((-2)/(-184)).
2, 23
Suppose -3*x - 5 = -20. Let l be (6/4)/(x/10). List the prime factors of ((-266)/21)/((-2)/l).
19
Let s(f) = -f**3 + 25*f**2 + 67*f. What are the prime factors of s(27)?
3, 13
Let p = -3 + 3. Suppose p = -3*d - 0*d + 3. What are the prime factors of 15*-2*d/(-5)?
2, 3
Suppose l - 38 = -2*w, -4*l = -4*w + 102 - 26. List the prime factors of w.
19
Suppose 1627 = 17*t - 3949. List the prime factors of t.
2, 41
Let q(v) = -v**2 + 10*v - 6. Let s(r) = r**2 - 4*r - 7. Let a be s(6). Let d be a/10 + 17/2. What are the prime factors of q(d)?
3
Suppose 489 = 2*s + 3*j - 6*j, -3*s - 4*j = -759. What are the prime factors 